{"id":203,"date":"2025-06-18T12:43:17","date_gmt":"2025-06-18T10:43:17","guid":{"rendered":"http:\/\/serinettes.fr\/?page_id=203"},"modified":"2025-06-20T17:43:56","modified_gmt":"2025-06-20T15:43:56","slug":"engramelle","status":"publish","type":"page","link":"http:\/\/serinettes.fr\/index.php\/engramelle\/","title":{"rendered":"Engramelle"},"content":{"rendered":"\n<p style=\"font-size:18px\">Le pointage selon Engramelle est illustr\u00e9 sur le site le site <strong>Cylindres, Manivelles &amp; Co de Xavier Szymczak<\/strong> :<br><a href=\"https:\/\/www.orgues-xavier-szymczak.com\/serinette-neuve\" target=\"_blank\" rel=\"noreferrer noopener\">https:\/\/www.orgues-xavier-szymczak.com\/serinette-neuve<\/a><\/p>\n\n\n\n<p class=\"has-red-color has-text-color has-link-color has-medium-font-size wp-elements-fd4501f50ae1c7799eb2136668ceb613\"><a href=\"https:\/\/www.editions-hermann.fr\/livre\/la-tonotechnie-ou-l-art-de-noter-les-cylindres-marie-dominique-joseph-engramelle\"><strong>La Tonotechnie<\/strong> ou l&rsquo;art de noter les cylindres<\/a><\/p>\n\n\n\n<p>Marie-Dominique-Joseph Engramelle (1727-1805) : <br>La Tonotechnie, ou l&rsquo;Art de noter les cylindres et tout ce qui est susceptible de notage dans les instruments de concerts m\u00e9caniques &#8211; 1775<br><a href=\"https:\/\/gallica.bnf.fr\/ark:\/12148\/btv1b100731939?rk=21459;2\" data-type=\"link\" data-id=\"https:\/\/gallica.bnf.fr\/ark:\/12148\/bpt6k9658312c\" target=\"_blank\" rel=\"noreferrer noopener\">T\u00e9l\u00e9chargeable sur gallica.bnf.fr<\/a><\/p>\n\n\n\n<p><a href=\"https:\/\/www.youtube.com\/watch?v=Gu1fkbGI5PM\" target=\"_blank\" rel=\"noreferrer noopener\"><strong>LES SECRETS DE L&rsquo;ORGUE \u00c0 CYLINDRE &#8211; pr\u00e9sentation de la tonotechnie selon Engramelle  et Dom Bedos par Fran\u00e7ois Lazarevitch<\/strong><\/a><br>\u00e0 visionner sur <a href=\"https:\/\/www.youtube.com\/watch?v=Gu1fkbGI5PM\" target=\"_blank\" rel=\"noreferrer noopener\">YouTube<\/a><br><em>Exemples musicaux :<\/em><br>&#8211; Anonyme : Allemande, publi\u00e9e dans : Joseph Engramelle (1727-1805), La Tonotechnie ou l&rsquo;art de noter les cylindres, Paris 1775<br>&#8230;&#8230;<br>&#8211; Claude Balbastre (1724-1799) Romance, publi\u00e9e dans : Dom B\u00e9dos de Celles (1709-1779) L&rsquo;Art du Facteur d&rsquo;Orgues, Quatri\u00e8me partie, Paris, 1766-1778<br>&#8211; Anonyme : La Marche du Roy, publi\u00e9e dans : Joseph Engramelle, La Tonotechnie, Paris, 1775<\/p>\n","protected":false},"excerpt":{"rendered":"<p>Le pointage selon Engramelle est illustr\u00e9 sur le site le site Cylindres, Manivelles &amp; Co de Xavier Szymczak :https:\/\/www.orgues-xavier-szymczak.com\/serinette-neuve La Tonotechnie ou l&rsquo;art de noter les cylindres Marie-Dominique-Joseph Engramelle (1727-1805) : La Tonotechnie, ou l&rsquo;Art de noter les cylindres et tout ce qui est susceptible de notage dans les instruments de concerts m\u00e9caniques &#8211; 1775T\u00e9l\u00e9chargeable &hellip; <a href=\"http:\/\/serinettes.fr\/index.php\/engramelle\/\" class=\"more-link\">Continuer la lecture de <span class=\"screen-reader-text\">Engramelle<\/span> <span class=\"meta-nav\">&rarr;<\/span><\/a><\/p>\n","protected":false},"author":1,"featured_media":0,"parent":0,"menu_order":0,"comment_status":"closed","ping_status":"closed","template":"","meta":{"footnotes":""},"class_list":["post-203","page","type-page","status-publish","hentry"],"_links":{"self":[{"href":"http:\/\/serinettes.fr\/index.php\/wp-json\/wp\/v2\/pages\/203","targetHints":{"allow":["GET"]}}],"collection":[{"href":"http:\/\/serinettes.fr\/index.php\/wp-json\/wp\/v2\/pages"}],"about":[{"href":"http:\/\/serinettes.fr\/index.php\/wp-json\/wp\/v2\/types\/page"}],"author":[{"embeddable":true,"href":"http:\/\/serinettes.fr\/index.php\/wp-json\/wp\/v2\/users\/1"}],"replies":[{"embeddable":true,"href":"http:\/\/serinettes.fr\/index.php\/wp-json\/wp\/v2\/comments?post=203"}],"version-history":[{"count":5,"href":"http:\/\/serinettes.fr\/index.php\/wp-json\/wp\/v2\/pages\/203\/revisions"}],"predecessor-version":[{"id":392,"href":"http:\/\/serinettes.fr\/index.php\/wp-json\/wp\/v2\/pages\/203\/revisions\/392"}],"wp:attachment":[{"href":"http:\/\/serinettes.fr\/index.php\/wp-json\/wp\/v2\/media?parent=203"}],"curies":[{"name":"wp","href":"https:\/\/api.w.org\/{rel}","templated":true}]}}